What are the prime factors of 65/20 + 6/h?
2
Let b = 67 + -62. Suppose 0*u + 430 = 5*u - b*c, 5*u - 414 = -3*c. List the prime factors of u.
2, 3, 7
List the prime factors of 1/(-1 - -2) + (117 - 8).
2, 5, 11
Let u = -482 - -801. Suppose 2*s - 65 - 73 = -4*x, 5*s - u = 3*x. List the prime factors of s.
5, 13
Let p = -259 + 61. Let i = -65 - p. What are the prime factors of i?
7, 19
Let d be ((-26)/(-4) - 6)*372. Let h = 10 + -7. Suppose d = h*o + 3*o. List the prime factors of o.
31
Let n(b) = b**3 - 15*b**2 + 13*b + 14. Let i be n(14). Suppose -6*o + 637 - 145 = i. What are the prime factors of o?
2, 41
Let d = 135 - -1051. What are the prime factors of d?
2, 593
Let l(n) = -n + 156. Let s be l(0). Suppose 2*j + 2*j = s. Suppose -u + j = -1. List the prime factors of u.
2, 5
Let j = -15 - -19. Suppose j*a + 3*q + 90 = 0, -a = a + 5*q + 38. What are the prime factors of (a/20)/(3/(-10))?
2
Suppose 466*n = 474*n - 22248. What are the prime factors of n?
3, 103
Let j(f) = f + 1. Let c be j(3). Let h(m) = -34*m**2 + m. Let x(k) = -33*k**2 + k. Let b(q) = c*h(q) - 5*x(q). List the prime factors of b(1).
2, 7
Let a = 505 + 773. List the prime factors of a.
2, 3, 71
Let n = -14 + 30. Suppose 4*i - 57 = -3*w, -5 = -i - 3*w + n. Suppose 3*z - 3 - i = 0. What are the prime factors of z?
5
Let w(z) be the third derivative of -z**3/6 + 7*z**2. Let x(u) = u + 7. Let t(s) = 2*w(s) + x(s). List the prime factors of t(5).
2, 5
Suppose 4*i = -4*l + 32, -3*i = -l - 3 - 5. Suppose f = -5*n + 6, 3*n + l*f + 14 = -f. Suppose -a + n*a - 3*j = 45, j - 115 = -4*a. List the prime factors of a.
2, 3, 5
Let s = -40 + 31. What are the prime factors of (-1083)/s + (-6)/(-9)?
11
Let d = -13 - -16. Let y(k) = -2*k**2 + 3*k - 6. Let t(b) = b**2. Let f(i) = d*t(i) + y(i). List the prime factors of f(7).
2
Let c(h) = -h**3 + 10*h**2 - 2*h - 7. Let q be c(10). Let l be ((-16)/12)/(3/q). Let f(m) = m - 5. List the prime factors of f(l).
7
Let l(w) = -8*w**3 + 8*w**2 + 21*w - 6. List the prime factors of l(-3).
3, 73
Suppose 5*s + 6010 = 5*n, -8 = s - 3. List the prime factors of n.
3, 7, 19
Let i = 30 + -37. Let n = 52 - i. What are the prime factors of n?
59
Let h = -21 - -15. Let q(x) = -128*x - 8 + 248*x - 124*x. List the prime factors of q(h).
2
Let b(z) = z**3 - 37*z**2 + 85*z + 21. List the prime factors of b(35).
2, 3, 7, 13
Suppose 0 = -9*r + 23571 + 7416. What are the prime factors of r?
11, 313
Let i(f) = 4*f**2 + 55*f + 48. What are the prime factors of i(-19)?
3, 149
Let k be (-182)/56 - (-1 + 6/8). List the prime factors of 50/((100/7)/(-5) - k).
2, 5, 7
Let u = 257 + 32. List the prime factors of u.
17
Let a be 1/((-3)/192*-2). Suppose 33*y - 139 = a*y. What are the prime factors of y?
139
Let u(y) = 42*y**2 - 3*y + 3. Let v be (-1)/(-4) - (12/(-16) + -1). What are the prime factors of u(v)?
3, 5, 11
Suppose 105 + 375 = 3*o. Let u = o + -101. Suppose 3*p - u = -4*v, 0*p - v = p - 19. What are the prime factors of p?
17
Let l = 0 - 31. Suppose 4*u + 5*m - 19 = 0, 3*u - 3*m = -2*u - 4. List the prime factors of 5 + -8 - l*u.
2, 7
Let w(t) = 5 + t + 2*t**2 - t**2 - 9*t. Let q be w(8). Suppose q*o + 87 = 5*f - 18, 0 = -2*f - 3*o + 47. List the prime factors of f.
2, 11
What are the prime factors of 18/(-24)*-50*(-8)/(-6)?
2, 5
Suppose -7*n + 440 + 218 = 0. Let z = n - 67. What are the prime factors of z?
3
Suppose 0 = -k + n + 415 + 831, n = -2*k + 2498. What are the prime factors of k?
2, 3, 13
Suppose 0 = 5*c - 10*c + 525. What are the prime factors of c?
3, 5, 7
Let j(o) = 0 - 5*o - 11 - 2. What are the prime factors of j(-19)?
2, 41
Let l(h) = 5*h**2 + 7*h - 270. What are the prime factors of l(-25)?
2, 5, 67
Suppose 2*z = 2*b + 174, 3*b + b = 5*z - 353. Let y be (-6 + 9)*b/3. Let l = y - -144. What are the prime factors of l?
2, 31
Let n be (6/(-9))/(2/(-144)). Let g be (0 - 4) + 2 + 6. Suppose -j + c + 12 = 0, 3*j + g*c - c - n = 0. List the prime factors of j.
2, 7
Suppose 0 = 6*o - 2*o - 4. Let k = 4 - o. Suppose -t - 15 = -4*t + 5*l, -4*t + k*l + 20 = 0. What are the prime factors of t?
5
Suppose 4*n = -5*a + 23, -a + 4*a + 1 = 5*n. Suppose a*w = -3*k + w + 19, -w + 14 = 3*k. Suppose -57 = -k*c - 0*c. What are the prime factors of c?
19
Suppose 80*d - 600 = 79*d. List the prime factors of d.
2, 3, 5
Let f(d) = 18*d + 2. Let c = -3 + 9. Suppose v = -2*v + c. List the prime factors of f(v).
2, 19
Suppose -156*v + 169*v = 15015. List the prime factors of v.
3, 5, 7, 11
Let i be (3/2)/(12/40). Suppose 31 = -i*o + 106. Let g = o - 10. What are the prime factors of g?
5
Let z(l) = 45*l - 39. Let r(n) = n - 1. Let c(f) = 3*r(f) + z(f). What are the prime factors of c(4)?
2, 3, 5
Let z = -47 + 3577. List the prime factors of z.
2, 5, 353
Suppose 21*y - 13*y + 1400 = 0. Let f = y + 252. List the prime factors of f.
7, 11
Let r be 114/7*(-56)/(-2). What are the prime factors of 20/8*r/10?
2, 3, 19
Suppose -60 = 3*q - 8*q. Suppose 5*u = q + 3. List the prime factors of u.
3
Suppose x + 0*o = -4*o + 378, -2*x = -4*o - 720. List the prime factors of x.
2, 3, 61
Let j(c) = 42*c + 3. Let n(m) = 41*m + 3. Let l(o) = -3*j(o) + 4*n(o). What are the prime factors of l(2)?
79
Suppose -4*d = 0, 3*w - 257 = -3*d + 193. Suppose p + i - 56 = 0, -w = -2*p + i - 32. List the prime factors of (p/4 + -4)*4.
2, 3, 7
Let q(w) = 23*w**2 + 2*w - 2. Let j be q(2). Suppose -2*f = -j - 18. What are the prime factors of f?
2, 7
Suppose 3 = q - 2. Suppose t + 127 = -t + q*x, t = -3*x - 36. Let l = t + 79. What are the prime factors of l?
2, 7
Let b = 1049 - 732. What are the prime factors of b?
317
Suppose 27 = 3*k + 21, -k + 5546 = 4*h. List the prime factors of h.
2, 3, 7, 11
Let t(c) = 2*c**3 + c**2 - c. Suppose -8 = 2*y - 4*y. Suppose 11 + y = 5*q. What are the prime factors of t(q)?
2, 3, 5
Let l = 188 + 561. Suppose 0 = 11*i - 76 - l. What are the prime factors of i?
3, 5
Let y(z) = 10*z**3 + 2*z**2 + 5*z - 10. List the prime factors of y(2).
2, 11
Let a = 13 + -7. Let c be (a/2)/((-8)/(-16)). What are the prime factors of (-4)/6*(-63)/c?
7
Let s(c) = c**3 + 52*c**2 + 46*c + 21. List the prime factors of s(-51).
2, 3, 23
Let q(m) = 109*m**2 + 20*m + 65. What are the prime factors of q(-3)?
2, 17, 29
Let s(h) = 3*h**3 - 14*h**2 + 18*h - 11. Let b(w) = 4*w**3 - 15*w**2 + 17*w - 11. Let i(j) = 4*b(j) - 5*s(j). List the prime factors of i(-11).
2, 3, 11
Suppose 0 = -5*v + 2*q + 8739, -2*v - 532 + 4020 = 3*q. What are the prime factors of v?
1747
Let x = 3 - -35. Let k be (x/57)/(2/6). Suppose -5*z = -r + 61, 0*r - 5*z - 122 = -k*r. List the prime factors of r.
61
Let a(f) = -f**2 + f. Let u be a(0). Suppose u = -3*t - 2*r - 3*r + 345, -t + 116 = 2*r. What are the prime factors of t?
2, 5, 11
Suppose -93*h = -84*h - 44163. List the prime factors of h.
7, 701
Let v = -119 + 115. List the prime factors of (-2 - 21/v)/((-2)/(-120)).
3, 5, 13
Suppose -4*b = 2*v + 4, 3*v - 27 = 6*b - b. List the prime factors of (((-2220)/(-9))/5)/((-1)/b).
2, 37
Let c(u) = -8*u - 6 - 3*u**2 + 4*u**2 + 7*u. List the prime factors of c(-6).
2, 3
Suppose -9*t + 2679 = -1110. List the prime factors of t.
421
Let s(t) = -t**3 - 3*t**2 + 7*t - 8. Let q be s(-5). Suppose 0 = -5*l + 428 + q. List the prime factors of l.
3, 29
Let t(p) = p - 1. Let x(a) = -81*a + 2. Let j(h) = -3*t(h) + x(h). List the prime factors of j(-3).
257
Let h be -18*1/(-4)*-15*2. What are the prime factors of (1/(5/2))/((-3)/h)?
2, 3
Let z(v) = 9*v + 30. Let l be z(9). Suppose 0 = 4*g - l - 141. What are the prime factors of g?
3, 7
Suppose 0 = -y + 3*v - 6 - 22, 19 = -3*y - 4*v. Let o(h) = 2*h**2 + 20*h + 38. List the prime factors of o(y).
2, 29
Let x = -615 - -1129. What are the prime factors of x?
2, 257
Suppose -8*g + 2*g + 1434 = 0. What are the prime factors of g?
239
Suppose 0*w + 3*m = -4*w + 21, 2*m + 2 = 0. Suppose 144 = w*d - 2*d. List the prime factors of d.
2, 3
Suppose 61*t - 60*t = 4*p + 43, t - p = 40. List the prime factors of t.
3, 13
Suppose -370*o + 374*o - 16 = 0. Let x(t) = -t - 3. Let z be x(-5). Suppose o*b - z*p - 68 = 102, 3*p = 2*b - 95. List the prime factors of b.
2, 5
Suppose -2 = 21*s - 19*s. What are the prime factors of ((-16)/8)/(s/32)?
2
Suppose -5619 = -3*a - 3*o, -16*o = -a - 15*o + 1867. What are the prim